base 4) to base 10
1151442
19329 (base 11) to base 8
64606
What is 239863 (base 10) in base 5?
30133423
Convert -42244213 (base 5) to base 4.
-1112030202
14645c (base 13) to base 3
221101010222
-92541 (base 10) to base 3
-11200221110
-e5236 (base 16) to base 14
-1a6074
Convert -122121122220222 (base 3) to base 12.
-3176138
-829aa (base 13) to base 14
-61691
-73755 (base 13) to base 16
-32b9b
What is 1670c (base 15) in base 3?
10200101210
Convert -363411 (base 10) to base 5.
-43112121
What is -160037 (base 8) in base 9?
-86630
-a4c6b6 (base 13) to base 16
-3ad16d
What is 1415 (base 7) in base 3?
202102
10221111220 (base 3) to base 13
29460
-61431220 (base 7) to base 14
-978cb7
-257c26 (base 14) to base 4
-10322301222
Convert 1162551 (base 7) to base 13.
53274
Convert 167dd9 (base 15) to base 11.
68492a
26636523 (base 7) to base 16
259671
857288 (base 10) to base 6
30212532
Convert -463980 (base 12) to base 5.
-242020240
What is 1042204144 (base 5) in base 9?
4301037
What is 7831042 (base 10) in base 11?
446963a
Convert -27c0d3 (base 16) to base 3.
-11220100202101
66525 (base 8) to base 13
c980
-3220233021 (base 4) to base 13
-274b9c
-120243 (base 9) to base 10
-72372
145664 (base 8) to base 2
1100101110110100
121045130 (base 6) to base 10
2292462
Convert 345317 (base 10) to base 15.
6c4b2
-4300432 (base 7) to base 6
-15101044
What is 106ab (base 13) in base 10?
29716
Convert 38a080 (base 11) to base 10.
613679
Convert -23412424 (base 5) to base 11.
-138822
Convert 10000010010010110001 (base 2) to base 15.
a81db
-540300125 (base 6) to base 2
-100100011001011001010101
Convert -118aeba (base 15) to base 7.
-212013406
Convert 1c9534 (base 16) to base 9.
3464487
What is -122262 (base 8) in base 5?
-2322122
What is -549b20 (base 13) in base 16?
-1e66af
Convert -66635166 (base 7) to base 9.
-11744116
Convert 117374 (base 14) to base 15.
bb978
What is 300201340 (base 5) in base 11?
735343
What is -5761742 (base 9) in base 11?
-1835588
7b242 (base 13) to base 14
5bb4a
-65396 (base 16) to base 8
-1451626
What is -1010233 (base 8) in base 15?
-53dea
Convert -25169a3 (base 11) to base 5.
-2104402311
What is -20310310203 (base 4) in base 14?
-443187
What is 20200021122122 (base 3) in base 12?
123165b
101112121012 (base 3) to base 11
131972
151444510 (base 6) to base 8
14042232
2396a63 (base 12) to base 5
3232320341
636a1 (base 11) to base 10
92676
What is -232354 (base 9) in base 14?
-38bc7
What is -102004120 (base 5) in base 16?
-6720a
Convert -9299 (base 12) to base 9.
-23800
What is -806806 (base 9) in base 13?
-1393c8
What is -8d9925 (base 16) in base 3?
-122110110110121
What is -11022001200100 (base 3) in base 4?
-20231232210
Convert 500150 (base 8) to base 3.
22022220000
What is -222320221 (base 4) in base 10?
-175657
Convert 2343433 (base 6) to base 9.
206203
Convert -2302233 (base 4) to base 6.
-124543
-101323320 (base 4) to base 8
-217370
What is -20211442 (base 6) in base 14?
-11045c
Convert 1803623 (base 10) to base 8.
6702547
What is -43340 (base 5) in base 2?
-101110011010
What is 13a36a (base 12) in base 14?
87ba2
What is 122313032 (base 4) in base 13?
3b10b
What is 337824 (base 13) in base 7?
13224063
1432 (base 15) to base 10
4322
What is -124412202 (base 5) in base 9?
-1148282
1102233021 (base 4) to base 7
2611005
321432234 (base 5) to base 15
1bc77e
Convert -a6b8b5 (base 15) to base 5.
-4012432340
What is 1347862 (base 9) in base 3?
1101121222002
226635 (base 9) to base 10
136112
1101001011111001100 (base 2) to base 14
b3668
What is -14231645 (base 7) in base 11?
-832526
Convert 20b82 (base 15) to base 4.
121112213
What is -64225 (base 9) in base 15?
-c8b2
Convert -110100001101000000 (base 2) to base 5.
-23320244
13231233033 (base 4) to base 11
1161471
-1309a (base 16) to base 8
-230232
What is -2050763 (base 8) in base 16?
-851f3
Convert 1308481 (base 9) to base 11.
449064
Convert 17b37 (base 16) to base 13.
35258
What is 1110101010011010 (base 2) in base 11?
41139
7cad8 (base 14) to base 2
1001010001101110110
What is 106e6 (base 15) in base 11?
36237
Convert -35cb30 (base 15) to base 14.
-4b0206
What is 1247095 (base 10) in base 7?
13412563
-414451 (base 7) to base 5
-4234413
-182923 (base 15) to base 14
-22778b
Convert -4803415 (base 10) to base 9.
-10031037
-13341677 (base 9) to base 13
-1495b73
-29355 (base 10) to base 7
-151404
What is -20329 (base 12) in base 9?
-63466
Convert 5d509 (base 16) to base 5.
44212332
3ba3a (base 16) to base 5
30304112
-9c403 (base 15) to base 6
-14353020
What is 35715 (base 16) in base 14?
59abb
What is 280337 (base 12) in base 8?
2420733
Convert -242bb6 (base 15) to base 3.
-10020221000000
What is -50214 (base 9) in base 7?
-165103
What is -6098194 (base 11) in base 10?
-10772007
-21521060 (base 7) to base 16
-1c4a05
-1221010000202 (base 3) to base 11
-640706
-233102302 (base 4) to base 6
-4052454
Convert -179510 (base 10) to base 16.
-2bd36
What is 332102230302 (base 4) in base 7?
255540636
What is -1266673 (base 8) in base 7?
-3011143
What is 3a320 (base 12) in base 10?
79944
What is -140119 (base 11) in base 5?
-24013011
What is -bb7aa (base 12) in base 6?
-5153134
-249058 (base 10) to base 14
-66a9c
What is 1114151 (base 7) in base 11?
94a10
5842a (base 15) to base 8
1044751
Convert 2423414143 (base 5) to base 15.
774918
What is -651064 (base 7) in base 2?
-11011101001010100
What is 26726 (base 14) in base 13?
3414a
What is -1592565 (base 11) in base 16?
-296173
Convert 405521225 (base 6) to base 16.
6ab671
13100321 (base 5) to base 10
128211
Convert -1b5733 (base 16) to base 10.
-1791795
Convert 101001111000111110 (base 2) to base 6.
3402210
-2861617 (base 11) to base 4
-102301201223
Convert 76213a (base 11) to base 4.
10221113231
-4200552 (base 6) to base 7
-1502024
Convert -21122120211111 (base 3) to base 11.
-2328032
Convert 14425331 (base 6) to base 5.
112021323
Convert -546733 (base 9) to base 14.
-86d88
Convert 56502c (base 14) to base 10.
2933376
-4200425 (base 6) to base 10
-202337
51257 (base 8) to base 11
149a3
-51a82 (base 13) to base 12
-70b52
What is 11220021213 (base 4) in base 6?
51341303
102345352 (base 8) to base 5
13424401421
What is -849818 (base 10) in base 11?
-530532
Convert 897292 (base 10) to base 7.
10425004
102101022000 (base 3) to base 6
4445043
What is 1201011002122 (base 3) in base 13?
25a624
-110113031323 (base 4) to base 16
-51737b
b339cc (base 13) to base 12
1495b22
Convert -605131 (base 7) to base 9.
-165701
Convert 679a7b (base 12) to base 2.
110010100000110111111
Convert 4644521 (base 7) to base 4.
2032100102
2556144 (base 7) to base 2
1010001011010100101
-5726 (base 15) to base 16
-4836
-4282851 (base 9) to base 11
-132a998
Convert 802c3 (base 14) to base 10.
307891
What is 1111554254 (base 6) in base 8?
56213672
What is 341330004 (base 5) in base 11?
942478
What is -c0b9e (base 16) in base 11?
-49a102
Convert -231453 (base 7) to base 12.
-1bb56
1108697 (base 12) to base 13
89a169
Convert -44315 (base 9) to base 13.
-1050b
Convert 165c42 (base 15) to base 8.
4102612
Convert bdd86 (base 16) to base 4.
2331312012
What is -1000110110110100 (base 2) in base 3?
-1211202120
Convert 2d6786 (base 14) to base 10.
1593010
What is 246064 (base 7) in base 9?
68147
Convert 582c6 (base 13) to base 3.
22011200120
What is 74542 (base 9) in base 14?
13d66
What is -35816 (base 13) in base 15?
-1e0ae
Convert 1030016 (base 7) to base 16.
1e7c1
Convert -11001111001010101110 (base 2) to base 11.
-52a597
-261552 (base 8) to base 12
-447a2
What is 446c6b (base 16) in base 3?
22102211011121
Convert -200765 (base 8) to base 11.
-45684
-3023222 (base 5) to base 8
-136662
Convert -2210000110100 (base 3) to base 7.
-15356556
-2111023231 (base 4) to base 5
-124023203
What is 132a524 (base 11) in base 5?
1042013222
What is 41324413 (base 5) in base 2?
1010010110110011110
202580 (base 9) to base 16
1d4e1
What is 1b88997 (base 12) in base 3?
102002222010021
134203242 (base 5) to base 8
2513665
What is -43042142 (base 5) in base 2?
-1011000011010111100
What is 4757667 (base 8) in base 14?
25c927
Convert -361da (base 14) to base 10.
-132100
-8998994 (base 10) to base 7
-136330064
What is 4304343 (base 7) in base 9?
875740
What is 400015 (base 6) in base 14?
b4a7
-3112011 (base 7) to base 14
-